{"id":41777,"date":"2019-12-27T12:08:14","date_gmt":"2019-12-27T18:08:14","guid":{"rendered":"https:\/\/frenchdistrict.com\/texas\/?page_id=41777"},"modified":"2025-01-05T10:15:59","modified_gmt":"2025-01-05T16:15:59","slug":"accueil-texas","status":"publish","type":"page","link":"https:\/\/frenchdistrict.com\/texas\/","title":{"rendered":"Accueil Texas"},"content":{"rendered":"","protected":false},"excerpt":{"rendered":"","protected":false},"author":10453,"featured_media":0,"parent":0,"menu_order":0,"comment_status":"closed","ping_status":"closed","template":"template-modules.php","meta":{"_acf_changed":false,"footnotes":""},"class_list":["post-41777","page","type-page","status-publish","hentry"],"acf":[],"yoast_head":"<!-- This site is optimized with the Yoast SEO plugin v26.4 - https:\/\/yoast.com\/wordpress\/plugins\/seo\/ -->\n<title>French District | Vivre et voyager au Texas en fran\u00e7ais<\/title>\n<meta name=\"description\" content=\"Le 1er site en fran\u00e7ais au Texas. Recommand\u00e9 par la presse fran\u00e7aise et internationale. Vie locale, tourisme, bonnes adresses, expatriation.\" \/>\n<meta name=\"robots\" content=\"index, follow, max-snippet:-1, max-image-preview:large, max-video-preview:-1\" \/>\n<link rel=\"canonical\" href=\"https:\/\/frenchdistrict.com\/texas\/\" \/>\n<meta property=\"og:locale\" content=\"fr_FR\" \/>\n<meta property=\"og:type\" content=\"article\" \/>\n<meta property=\"og:title\" content=\"French District | Vivre et voyager au Texas en fran\u00e7ais\" \/>\n<meta property=\"og:description\" content=\"Le 1er site en fran\u00e7ais au Texas. Recommand\u00e9 par la presse fran\u00e7aise et internationale. Vie locale, tourisme, bonnes adresses, expatriation.\" \/>\n<meta property=\"og:url\" content=\"https:\/\/frenchdistrict.com\/texas\/\" \/>\n<meta property=\"og:site_name\" content=\"Texas\" \/>\n<meta property=\"article:publisher\" content=\"https:\/\/www.facebook.com\/frenchdistrict\" \/>\n<meta property=\"article:modified_time\" content=\"2025-01-05T16:15:59+00:00\" \/>\n<meta name=\"twitter:card\" content=\"summary_large_image\" \/>\n<meta name=\"twitter:site\" content=\"@frenchdistrict\" \/>\n<script type=\"application\/ld+json\" class=\"yoast-schema-graph\">{\"@context\":\"https:\/\/schema.org\",\"@graph\":[{\"@type\":\"WebPage\",\"@id\":\"https:\/\/frenchdistrict.com\/texas\/\",\"url\":\"https:\/\/frenchdistrict.com\/texas\/\",\"name\":\"French District | Vivre et voyager au Texas en fran\u00e7ais\",\"isPartOf\":{\"@id\":\"https:\/\/frenchdistrict.com\/texas\/#website\"},\"datePublished\":\"2019-12-27T18:08:14+00:00\",\"dateModified\":\"2025-01-05T16:15:59+00:00\",\"description\":\"Le 1er site en fran\u00e7ais au Texas. Recommand\u00e9 par la presse fran\u00e7aise et internationale. Vie locale, tourisme, bonnes adresses, expatriation.\",\"breadcrumb\":{\"@id\":\"https:\/\/frenchdistrict.com\/texas\/#breadcrumb\"},\"inLanguage\":\"fr-FR\",\"potentialAction\":[{\"@type\":\"ReadAction\",\"target\":[\"https:\/\/frenchdistrict.com\/texas\/\"]}]},{\"@type\":\"BreadcrumbList\",\"@id\":\"https:\/\/frenchdistrict.com\/texas\/#breadcrumb\",\"itemListElement\":[{\"@type\":\"ListItem\",\"position\":1,\"name\":\"Texas\",\"item\":\"https:\/\/frenchdistrict.com\/texas\/\"},{\"@type\":\"ListItem\",\"position\":2,\"name\":\"Accueil Texas\"}]},{\"@type\":\"WebSite\",\"@id\":\"https:\/\/frenchdistrict.com\/texas\/#website\",\"url\":\"https:\/\/frenchdistrict.com\/texas\/\",\"name\":\"Texas\",\"description\":\"Le meilleur du &lt;span&gt;Texas&lt;\/span&gt; par ceux qui y vivent\",\"potentialAction\":[{\"@type\":\"SearchAction\",\"target\":{\"@type\":\"EntryPoint\",\"urlTemplate\":\"https:\/\/frenchdistrict.com\/texas\/?s={search_term_string}\"},\"query-input\":{\"@type\":\"PropertyValueSpecification\",\"valueRequired\":true,\"valueName\":\"search_term_string\"}}],\"inLanguage\":\"fr-FR\"}]}<\/script>\n<!-- \/ Yoast SEO plugin. -->","yoast_head_json":{"title":"French District | Vivre et voyager au Texas en fran\u00e7ais","description":"Le 1er site en fran\u00e7ais au Texas. Recommand\u00e9 par la presse fran\u00e7aise et internationale. Vie locale, tourisme, bonnes adresses, expatriation.","robots":{"index":"index","follow":"follow","max-snippet":"max-snippet:-1","max-image-preview":"max-image-preview:large","max-video-preview":"max-video-preview:-1"},"canonical":"https:\/\/frenchdistrict.com\/texas\/","og_locale":"fr_FR","og_type":"article","og_title":"French District | Vivre et voyager au Texas en fran\u00e7ais","og_description":"Le 1er site en fran\u00e7ais au Texas. Recommand\u00e9 par la presse fran\u00e7aise et internationale. Vie locale, tourisme, bonnes adresses, expatriation.","og_url":"https:\/\/frenchdistrict.com\/texas\/","og_site_name":"Texas","article_publisher":"https:\/\/www.facebook.com\/frenchdistrict","article_modified_time":"2025-01-05T16:15:59+00:00","twitter_card":"summary_large_image","twitter_site":"@frenchdistrict","schema":{"@context":"https:\/\/schema.org","@graph":[{"@type":"WebPage","@id":"https:\/\/frenchdistrict.com\/texas\/","url":"https:\/\/frenchdistrict.com\/texas\/","name":"French District | Vivre et voyager au Texas en fran\u00e7ais","isPartOf":{"@id":"https:\/\/frenchdistrict.com\/texas\/#website"},"datePublished":"2019-12-27T18:08:14+00:00","dateModified":"2025-01-05T16:15:59+00:00","description":"Le 1er site en fran\u00e7ais au Texas. Recommand\u00e9 par la presse fran\u00e7aise et internationale. Vie locale, tourisme, bonnes adresses, expatriation.","breadcrumb":{"@id":"https:\/\/frenchdistrict.com\/texas\/#breadcrumb"},"inLanguage":"fr-FR","potentialAction":[{"@type":"ReadAction","target":["https:\/\/frenchdistrict.com\/texas\/"]}]},{"@type":"BreadcrumbList","@id":"https:\/\/frenchdistrict.com\/texas\/#breadcrumb","itemListElement":[{"@type":"ListItem","position":1,"name":"Texas","item":"https:\/\/frenchdistrict.com\/texas\/"},{"@type":"ListItem","position":2,"name":"Accueil Texas"}]},{"@type":"WebSite","@id":"https:\/\/frenchdistrict.com\/texas\/#website","url":"https:\/\/frenchdistrict.com\/texas\/","name":"Texas","description":"Le meilleur du &lt;span&gt;Texas&lt;\/span&gt; par ceux qui y vivent","potentialAction":[{"@type":"SearchAction","target":{"@type":"EntryPoint","urlTemplate":"https:\/\/frenchdistrict.com\/texas\/?s={search_term_string}"},"query-input":{"@type":"PropertyValueSpecification","valueRequired":true,"valueName":"search_term_string"}}],"inLanguage":"fr-FR"}]}},"_links":{"self":[{"href":"https:\/\/frenchdistrict.com\/texas\/wp-json\/wp\/v2\/pages\/41777","targetHints":{"allow":["GET"]}}],"collection":[{"href":"https:\/\/frenchdistrict.com\/texas\/wp-json\/wp\/v2\/pages"}],"about":[{"href":"https:\/\/frenchdistrict.com\/texas\/wp-json\/wp\/v2\/types\/page"}],"author":[{"embeddable":true,"href":"https:\/\/frenchdistrict.com\/texas\/wp-json\/wp\/v2\/users\/10453"}],"replies":[{"embeddable":true,"href":"https:\/\/frenchdistrict.com\/texas\/wp-json\/wp\/v2\/comments?post=41777"}],"version-history":[{"count":2,"href":"https:\/\/frenchdistrict.com\/texas\/wp-json\/wp\/v2\/pages\/41777\/revisions"}],"predecessor-version":[{"id":48118,"href":"https:\/\/frenchdistrict.com\/texas\/wp-json\/wp\/v2\/pages\/41777\/revisions\/48118"}],"wp:attachment":[{"href":"https:\/\/frenchdistrict.com\/texas\/wp-json\/wp\/v2\/media?parent=41777"}],"curies":[{"name":"wp","href":"https:\/\/api.w.org\/{rel}","templated":true}]}}