{"id":48478,"date":"2019-12-27T13:07:01","date_gmt":"2019-12-27T18:07:01","guid":{"rendered":"https:\/\/frenchdistrict.com\/washington-dc\/?page_id=48478"},"modified":"2025-01-05T11:12:04","modified_gmt":"2025-01-05T16:12:04","slug":"accueil-washington","status":"publish","type":"page","link":"https:\/\/frenchdistrict.com\/washington-dc\/","title":{"rendered":"Accueil Washington"},"content":{"rendered":"","protected":false},"excerpt":{"rendered":"","protected":false},"author":10453,"featured_media":0,"parent":0,"menu_order":0,"comment_status":"closed","ping_status":"closed","template":"template-modules.php","meta":{"_acf_changed":false,"footnotes":""},"class_list":["post-48478","page","type-page","status-publish","hentry"],"acf":[],"yoast_head":"<!-- This site is optimized with the Yoast SEO plugin v26.4 - https:\/\/yoast.com\/wordpress\/plugins\/seo\/ -->\n<title>French District | Vivre et voyager \u00e0 Washington DC en fran\u00e7ais<\/title>\n<meta name=\"description\" content=\"Le 1er site en fran\u00e7ais \u00e0 Washington DC. Recommand\u00e9 par la presse fran\u00e7aise et internationale. Vie locale, tourisme, bonnes adresses, expatriation.\" \/>\n<meta name=\"robots\" content=\"index, follow, max-snippet:-1, max-image-preview:large, max-video-preview:-1\" \/>\n<link rel=\"canonical\" href=\"https:\/\/frenchdistrict.com\/washington-dc\/\" \/>\n<meta property=\"og:locale\" content=\"fr_FR\" \/>\n<meta property=\"og:type\" content=\"article\" \/>\n<meta property=\"og:title\" content=\"French District | Vivre et voyager \u00e0 Washington DC en fran\u00e7ais\" \/>\n<meta property=\"og:description\" content=\"Le 1er site en fran\u00e7ais \u00e0 Washington DC. Recommand\u00e9 par la presse fran\u00e7aise et internationale. Vie locale, tourisme, bonnes adresses, expatriation.\" \/>\n<meta property=\"og:url\" content=\"https:\/\/frenchdistrict.com\/washington-dc\/\" \/>\n<meta property=\"og:site_name\" content=\"Washington DC\" \/>\n<meta property=\"article:publisher\" content=\"https:\/\/www.facebook.com\/frenchdistrict\" \/>\n<meta property=\"article:modified_time\" content=\"2025-01-05T16:12:04+00:00\" \/>\n<meta name=\"twitter:card\" content=\"summary_large_image\" \/>\n<meta name=\"twitter:site\" content=\"@frenchdistrict\" \/>\n<script type=\"application\/ld+json\" class=\"yoast-schema-graph\">{\"@context\":\"https:\/\/schema.org\",\"@graph\":[{\"@type\":\"WebPage\",\"@id\":\"https:\/\/frenchdistrict.com\/washington-dc\/\",\"url\":\"https:\/\/frenchdistrict.com\/washington-dc\/\",\"name\":\"French District | Vivre et voyager \u00e0 Washington DC en fran\u00e7ais\",\"isPartOf\":{\"@id\":\"https:\/\/frenchdistrict.com\/washington-dc\/#website\"},\"datePublished\":\"2019-12-27T18:07:01+00:00\",\"dateModified\":\"2025-01-05T16:12:04+00:00\",\"description\":\"Le 1er site en fran\u00e7ais \u00e0 Washington DC. Recommand\u00e9 par la presse fran\u00e7aise et internationale. Vie locale, tourisme, bonnes adresses, expatriation.\",\"breadcrumb\":{\"@id\":\"https:\/\/frenchdistrict.com\/washington-dc\/#breadcrumb\"},\"inLanguage\":\"fr-FR\",\"potentialAction\":[{\"@type\":\"ReadAction\",\"target\":[\"https:\/\/frenchdistrict.com\/washington-dc\/\"]}]},{\"@type\":\"BreadcrumbList\",\"@id\":\"https:\/\/frenchdistrict.com\/washington-dc\/#breadcrumb\",\"itemListElement\":[{\"@type\":\"ListItem\",\"position\":1,\"name\":\"Washington D.C.\",\"item\":\"https:\/\/frenchdistrict.com\/washington-dc\/\"},{\"@type\":\"ListItem\",\"position\":2,\"name\":\"Accueil Washington\"}]},{\"@type\":\"WebSite\",\"@id\":\"https:\/\/frenchdistrict.com\/washington-dc\/#website\",\"url\":\"https:\/\/frenchdistrict.com\/washington-dc\/\",\"name\":\"Washington DC\",\"description\":\"Le meilleur de la &lt;span&gt;Washington D.C.&lt;\/span&gt; par ceux qui y vivent\",\"potentialAction\":[{\"@type\":\"SearchAction\",\"target\":{\"@type\":\"EntryPoint\",\"urlTemplate\":\"https:\/\/frenchdistrict.com\/washington-dc\/?s={search_term_string}\"},\"query-input\":{\"@type\":\"PropertyValueSpecification\",\"valueRequired\":true,\"valueName\":\"search_term_string\"}}],\"inLanguage\":\"fr-FR\"}]}<\/script>\n<!-- \/ Yoast SEO plugin. -->","yoast_head_json":{"title":"French District | Vivre et voyager \u00e0 Washington DC en fran\u00e7ais","description":"Le 1er site en fran\u00e7ais \u00e0 Washington DC. Recommand\u00e9 par la presse fran\u00e7aise et internationale. Vie locale, tourisme, bonnes adresses, expatriation.","robots":{"index":"index","follow":"follow","max-snippet":"max-snippet:-1","max-image-preview":"max-image-preview:large","max-video-preview":"max-video-preview:-1"},"canonical":"https:\/\/frenchdistrict.com\/washington-dc\/","og_locale":"fr_FR","og_type":"article","og_title":"French District | Vivre et voyager \u00e0 Washington DC en fran\u00e7ais","og_description":"Le 1er site en fran\u00e7ais \u00e0 Washington DC. Recommand\u00e9 par la presse fran\u00e7aise et internationale. Vie locale, tourisme, bonnes adresses, expatriation.","og_url":"https:\/\/frenchdistrict.com\/washington-dc\/","og_site_name":"Washington DC","article_publisher":"https:\/\/www.facebook.com\/frenchdistrict","article_modified_time":"2025-01-05T16:12:04+00:00","twitter_card":"summary_large_image","twitter_site":"@frenchdistrict","schema":{"@context":"https:\/\/schema.org","@graph":[{"@type":"WebPage","@id":"https:\/\/frenchdistrict.com\/washington-dc\/","url":"https:\/\/frenchdistrict.com\/washington-dc\/","name":"French District | Vivre et voyager \u00e0 Washington DC en fran\u00e7ais","isPartOf":{"@id":"https:\/\/frenchdistrict.com\/washington-dc\/#website"},"datePublished":"2019-12-27T18:07:01+00:00","dateModified":"2025-01-05T16:12:04+00:00","description":"Le 1er site en fran\u00e7ais \u00e0 Washington DC. Recommand\u00e9 par la presse fran\u00e7aise et internationale. Vie locale, tourisme, bonnes adresses, expatriation.","breadcrumb":{"@id":"https:\/\/frenchdistrict.com\/washington-dc\/#breadcrumb"},"inLanguage":"fr-FR","potentialAction":[{"@type":"ReadAction","target":["https:\/\/frenchdistrict.com\/washington-dc\/"]}]},{"@type":"BreadcrumbList","@id":"https:\/\/frenchdistrict.com\/washington-dc\/#breadcrumb","itemListElement":[{"@type":"ListItem","position":1,"name":"Washington D.C.","item":"https:\/\/frenchdistrict.com\/washington-dc\/"},{"@type":"ListItem","position":2,"name":"Accueil Washington"}]},{"@type":"WebSite","@id":"https:\/\/frenchdistrict.com\/washington-dc\/#website","url":"https:\/\/frenchdistrict.com\/washington-dc\/","name":"Washington DC","description":"Le meilleur de la &lt;span&gt;Washington D.C.&lt;\/span&gt; par ceux qui y vivent","potentialAction":[{"@type":"SearchAction","target":{"@type":"EntryPoint","urlTemplate":"https:\/\/frenchdistrict.com\/washington-dc\/?s={search_term_string}"},"query-input":{"@type":"PropertyValueSpecification","valueRequired":true,"valueName":"search_term_string"}}],"inLanguage":"fr-FR"}]}},"_links":{"self":[{"href":"https:\/\/frenchdistrict.com\/washington-dc\/wp-json\/wp\/v2\/pages\/48478","targetHints":{"allow":["GET"]}}],"collection":[{"href":"https:\/\/frenchdistrict.com\/washington-dc\/wp-json\/wp\/v2\/pages"}],"about":[{"href":"https:\/\/frenchdistrict.com\/washington-dc\/wp-json\/wp\/v2\/types\/page"}],"author":[{"embeddable":true,"href":"https:\/\/frenchdistrict.com\/washington-dc\/wp-json\/wp\/v2\/users\/10453"}],"replies":[{"embeddable":true,"href":"https:\/\/frenchdistrict.com\/washington-dc\/wp-json\/wp\/v2\/comments?post=48478"}],"version-history":[{"count":3,"href":"https:\/\/frenchdistrict.com\/washington-dc\/wp-json\/wp\/v2\/pages\/48478\/revisions"}],"predecessor-version":[{"id":50097,"href":"https:\/\/frenchdistrict.com\/washington-dc\/wp-json\/wp\/v2\/pages\/48478\/revisions\/50097"}],"wp:attachment":[{"href":"https:\/\/frenchdistrict.com\/washington-dc\/wp-json\/wp\/v2\/media?parent=48478"}],"curies":[{"name":"wp","href":"https:\/\/api.w.org\/{rel}","templated":true}]}}